 264920304 a multiple of 1452?
True
Is 6 a factor of 8462239?
False
Is 488 a factor of 1136555517?
False
Is 25 a factor of 52768410?
False
Is 2071593693 a multiple of 19?
True
Is 707 a factor of 256707458?
True
Is 31419529 a multiple of 39?
False
Does 13 divide 1165604765?
True
Is 391321200 a multiple of 150?
True
Is 374355 a multiple of 135?
True
Is 62 a factor of 2409782086?
True
Is 299305567 a multiple of 37?
False
Does 14 divide 111351408?
True
Is 56736580 a multiple of 20?
True
Is 7 a factor of 37174193?
True
Does 387 divide 28314468?
True
Is 20284742 a multiple of 19?
True
Does 1145 divide 264441185?
True
Is 16 a factor of 136953104?
True
Does 284 divide 3471048?
True
Is 3383 a factor of 634001264?
True
Is 1027022092 a multiple of 919?
False
Does 815 divide 41097190?
True
Does 157 divide 29812201?
False
Does 305 divide 7500037?
False
Does 12 divide 24802368?
True
Is 44 a factor of 30690396?
True
Does 42 divide 160364778?
True
Is 1740923183 a multiple of 8?
False
Is 444 a factor of 34561404?
True
Is 35 a factor of 189212707?
False
Is 273 a factor of 356361512?
False
Is 68869995 a multiple of 2589?
False
Does 30 divide 146108970?
True
Is 593726045 a multiple of 632?
False
Is 2732080904 a multiple of 1294?
False
Does 16 divide 17733342?
False
Does 931 divide 603620413?
False
Is 358327190 a multiple of 145?
True
Does 536 divide 22615448?
True
Is 24 a factor of 49935136?
False
Is 14518714 a multiple of 1802?
True
Is 23055978 a multiple of 641?
False
Is 120 a factor of 2753760?
True
Is 34721878 a multiple of 37?
False
Is 2384 a factor of 773102592?
True
Is 7473474 a multiple of 174?
True
Does 15 divide 3795989880?
True
Does 7 divide 6273141?
True
Does 1422 divide 88387474?
False
Does 1854 divide 85413780?
True
Is 68521856 a multiple of 13?
True
Is 1127317842 a multiple of 14?
True
Is 10 a factor of 141993443?
False
Is 133300318 a multiple of 84?
False
Does 1686 divide 365958102?
True
Does 9 divide 19008045?
True
Does 214 divide 1181494?
True
Does 12 divide 884842?
False
Is 1444595040 a multiple of 15?
True
Does 7 divide 12875910?
False
Is 353 a factor of 12535116?
False
Is 334 a factor of 148630927?
False
Is 58610463 a multiple of 11?
False
Is 39 a factor of 2680743?
True
Is 1526 a factor of 2081653522?
False
Is 8526820 a multiple of 10?
True
Does 211 divide 3328947?
True
Is 11 a factor of 2732423804?
True
Does 566 divide 999660?
False
Is 4075 a factor of 551551250?
True
Is 285 a factor of 772669770?
True
Is 241 a factor of 249866868?
False
Is 200784870 a multiple of 4986?
False
Is 1359 a factor of 3382551?
True
Is 24839509 a multiple of 239?
True
Does 4 divide 631537?
False
Is 78 a factor of 15556455?
False
Does 15 divide 21187687?
False
Is 27 a factor of 326536866?
True
Is 24 a factor of 1688746680?
True
Is 1279108390 a multiple of 4690?
True
Does 26 divide 660238285?
False
Does 805 divide 41121815?
True
Does 67 divide 47690681?
False
Does 245 divide 196888125?
True
Is 1775 a factor of 555674400?
True
Does 296 divide 155678536?
True
Is 24872887 a multiple of 241?
True
Does 76 divide 139077036?
True
Is 287865552 a multiple of 499?
False
Is 88 a factor of 38633848?
True
Is 32107028 a multiple of 634?
True
Is 8039967 a multiple of 14?
False
Is 56 a factor of 37456144?
False
Is 4517 a factor of 77967937?
True
Does 4605 divide 1080498780?
True
Does 303 divide 2017020873?
False
Is 638787156 a multiple of 983?
False
Does 40 divide 20351440?
True
Does 142 divide 144108558?
True
Is 39 a factor of 410456631?
True
Is 16 a factor of 8810288?
True
Is 173965734 a multiple of 18?
True
Does 627 divide 370923795?
True
Does 21 divide 45224277?
True
Is 8719 a factor of 1204202587?
False
Is 148 a factor of 197594060?
True
Does 3095 divide 114107291?
False
Is 528455980 a multiple of 2572?
True
Is 20403170 a multiple of 1377?
False
Is 29332536 a multiple of 9?
False
Is 17932532 a multiple of 70?
False
Is 226 a factor of 23466461?
False
Is 5618 a factor of 3118192248?
True
Is 485594448 a multiple of 45?
False
Is 124 a factor of 9566410?
False
Is 20827215 a multiple of 11?
False
Does 12 divide 267368144?
False
Is 3714 a factor of 1080402600?
True
Is 2 a factor of 187325?
False
Is 6 a factor of 49818600?
True
Does 3047 divide 49876343?
True
Is 27835302 a multiple of 174?
True
Is 2800 a factor of 687800400?
True
Does 79 divide 58842727?
False
Is 12 a factor of 129060183?
False
Is 171154482 a multiple of 16?
False
Is 82263410 a multiple of 27?
False
Is 36836637 a multiple of 6?
False
Is 462374908 a multiple of 47?
True
Does 38 divide 2469190661?
False
Is 495959033 a multiple of 58?
False
Does 81 divide 319465296?
True
Does 425 divide 287312090?
False
Is 79 a factor of 13232105?
True
Does 1274 divide 65761546?
False
Does 9 divide 3172922?
False
Is 628 a factor of 96698812?
True
Does 244 divide 60152344?
True
Is 53 a factor of 13640822?
True
Is 432 a factor of 48573453?
False
Is 4 a factor of 2247403?
False
Is 48 a factor of 657530927?
False
Does 319 divide 7077609?
False
Does 7882 divide 100570926?
False
Is 11924 a factor of 2747309768?
False
Is 384811560 a multiple of 5415?
True
Does 3157 divide 76912082?
False
Is 3753 a factor of 695960073?
True
Is 84774936 a multiple of 12?
True
Is 20 a factor of 110410291?
False
Is 481374959 a multiple of 13?
True
Is 178317931 a multiple of 519?
False
Is 2532 a factor of 5685336570?
False
Is 15 a factor of 6383231?
False
Does 9 divide 147746493?
True
Is 20391044 a multiple of 31?
False
Is 2783740 even?
True
Is 16 a factor of 5747773280?
True
Is 3 a factor of 76757295?
True
Is 18 a factor of 116810424?
True
Is 8549 a factor of 2985738250?
True
Is 6 a factor of 14418246?
True
Does 119 divide 123660873?
True
Is 39 a factor of 69109833?
True
Does 32 divide 342283632?
False
Is 3 a factor of 98894774?
False
Does 70 divide 21582750?
True
Is 251505600 a multiple of 1208?
True
Does 526 divide 1014224325?
False
Does 517 divide 124120843?
True
Is 7 a factor of 520614971?
False
Is 44332800 a multiple of 3840?
True
Is 15400172 a multiple of 20?
False
Is 365 a factor of 15701205?
True
Is 425 a factor of 3755725?
True
Is 1976721914 a multiple of 199?
False
Is 12501905 a multiple of 3445?
True
Is 908 a factor of 1967090292?
True
Is 1199166669 a multiple of 15?
False
Does 99 divide 93297052?
False
Does 7912 divide 481017952?
True
Does 2407 divide 525539566?
True
Does 565 divide 4448245?
True
Does 9 divide 406446302?
False
Is 4737117 a multiple of 96?
False
Does 2853 divide 95027724?
True
Does 211 divide 528093332?
True
Does 6 divide 366273147?
False
Does 50 divide 3881461589?
False
Does 19 divide 1632746089?
False
Does 26 divide 347936953?
False
Is 1399244488 a multiple of 31?
False
Does 587 divide 161417956?
True
Does 44 divide 790230429?
False
Is 1570616280 a multiple of 20?
True
Does 690 divide 19868550?
True
Does 65 divide 5389674?
False
Does 159 divide 21073224?
True
Is 212482338 a multiple of 1387?
False
Is 459493284 a multiple of 186?
True
Is 8722 a factor of 5193461625?
False
Does 4 divide 386420973?
False
Does 12 divide 99557628?
True
Is 734 a factor of 1418412542?
False
Is 1243938128 a multiple of 8564?
True
Is 271326 a multiple of 541?
False
Is 2662603407 a multiple of 27?
True
Is 64530613 a multiple of 73?
True
Is 63 a factor of 396824085?
True
Is 304 a factor of 737023668?
False
Is 316711923 a multiple of 1729?
False
Is 12 a factor of 59869937?
False
Does 602 divide 3636682?
True
Is 324 a factor of 325816668?
True
Is 2742485913 a multiple of 9?
True
Is 13 a factor of 101869820?
True
Does 169 divide 881706950?
False
Does 20 divide 3066021520?
True
Is 274 a factor of 1019570839?
False
Is 34 a factor of 6354064?
False
Is 11043432 a multiple of 774?
True
Is 433373550 a multiple of 75?
True
Is 8 a factor of 445362856?
True
Does 292 divide 11162247?
False
Is 3 a factor of 496947017?
False
Is 1514292640 a multiple of 15685?
True
Is 244716834 a multiple of 132?
False
Is 8 a factor of 114969072?
True
Is 186 a factor of 360194812?
False
Is 77 a factor of 152758991?
True
Is 789024224 a multiple of 628?
True
Is 49 a factor of 197091181?
True
Is 61 a factor of 281794929?
True
Is 13 a factor of 76676725?
False
Does 4845 divide 425541195?
True
Is 21004179 a multiple of 36?
False
Is 1014 a factor of 108549987?
False
Is 286 a factor of 7550114?
Tr